 = -3*n + 6. Let h = 30 - n. List the prime factors of h.
5
Suppose -3*b - 2*h + 372 = 0, b + 3*h - 112 = 19. Let c = b + -244. Let i = 177 + c. What are the prime factors of i?
5, 11
Let t be (1*-5)/(22/6 - 4). What are the prime factors of 1206/15 + (-6)/t - -1?
3
Let t be (-3 - -3)/(1 - -1). Let i = 6 + t. Suppose -j - j + i = 0. List the prime factors of j.
3
Let s be (-3)/1*(-4)/(-6). Let v = s - -6. Suppose -v*q + 16 = 2*r - q, 12 = -3*q. List the prime factors of r.
2, 7
Let f be 3/(4*(-6)/(-64)). Suppose -18*w + 17*w = f. Let u = 0 - w. List the prime factors of u.
2
Let c be 3 - 0/(1 + (-4)/2). Suppose -4*w + c*j = -199, -105 = -2*w + j - 4. What are the prime factors of w?
2, 13
Suppose 69687 = 8*y + 21*y. What are the prime factors of y?
3, 89
Suppose 3*z + 0 = 2*i - 4, -5*z - 14 = 4*i. Let t = 1 + i. Suppose t = l - 25. What are the prime factors of l?
5
Let s = -27 - -25. List the prime factors of (s - (4 + -4)) + 111.
109
List the prime factors of (-71762)/(-106) + (1 - 2)*3.
2, 337
List the prime factors of 14 - 4319/(-3) - 4/6.
1453
Let x be ((-240)/(-18))/(-4)*6/(-5). Suppose -x*b - 3*c + 24 = 0, 2*b = 6*c - 3*c + 30. What are the prime factors of b?
3
Suppose -3*j = -20*j. Suppose 22 + 20 = 2*b. Suppose j = -k + 32 + b. List the prime factors of k.
53
Let i = 635 + -362. Let l = -176 + i. What are the prime factors of l?
97
Suppose -g = -122 + 133. Let k = 15 + -43. Let n = g - k. What are the prime factors of n?
17
Suppose 3*f + 3 + 6 = 0. List the prime factors of 6/f*(-23 + 0).
2, 23
Let y(r) = 172*r**2 + 3*r - 2. Let q be y(1). Let x = -124 + q. What are the prime factors of x?
7
Let r(d) = d**2 + 18*d - 2. Let n be r(-18). Let j(w) = -22*w**3 - 4*w - 5. What are the prime factors of j(n)?
179
Suppose -4*d - 60 = -3*y - 2996, -y = -5*d + 3659. List the prime factors of d.
17, 43
Let n = -2 - -2. Suppose 5*o - 4*o - 20 = 0. List the prime factors of (n + o)/(-4 + 5).
2, 5
Let q(o) = -o**3 + 3*o**2 - 2*o + 1. Let d be q(2). What are the prime factors of d/((-174)/(-171) + -1)?
3, 19
Let c(n) = -n**3 - 3*n**2 - 4*n - 4. Suppose -3*k - y - 16 = 0, -7*k + 11 = -9*k - y. List the prime factors of c(k).
2, 3, 11
Let w be 4/14 - 3455/(-35). Let q = w - 59. List the prime factors of q.
2, 5
Suppose -2*d + 5*x + 2757 = -d, -13920 = -5*d - 2*x. List the prime factors of (-3 + (1 - 1))/((-39)/d).
2, 107
Let y be (-2)/3 - 3*(-12)/(-27). What are the prime factors of 55/((-1)/(-6) - y/6)?
2, 5, 11
Let w(a) = -a**3 + 19*a**2 - 10*a - 16. Let g(j) = -2*j**2 + 21*j + 8. Let q be g(10). What are the prime factors of w(q)?
2
Let o(h) = -h + 15. Let y be o(12). Let u(f) = -8 + 13*f - y + 3 - 24*f. What are the prime factors of u(-3)?
5
Let h(c) = c**3 - 4*c**2 - 6*c + 8. Let w(u) = u**3 + 11*u**2 - 14*u - 18. Let m = -8 - 4. Let v be w(m). List the prime factors of h(v).
2, 11
Let n be (1/(-2))/((-5)/380). Let t = n - -58. Let m = -37 + t. List the prime factors of m.
59
Suppose -d - 5 = 0, x = d + 2*d + 539. List the prime factors of x.
2, 131
Let o(f) = 155*f**2 + 181*f**2 - 62*f**2. List the prime factors of o(-1).
2, 137
What are the prime factors of 131*(-3)/(-1)*295/177?
5, 131
Suppose 0 = -6*v + 10*v + 156. Let g = v - -63. List the prime factors of g.
2, 3
Let u be 4 - (-3)/(-2)*(-120)/(-45). Suppose u = -5*d + 19*d - 854. List the prime factors of d.
61
Suppose 15*a - 16*a = -2. Suppose y = -5*b + 38, -y + a*b + 21 + 17 = 0. What are the prime factors of y?
2, 19
Let w = 552 - 272. List the prime factors of w.
2, 5, 7
Let j(p) = 5*p**2 + 8*p + 1. Let i be j(-4). Let s = 83 - i. What are the prime factors of s?
2, 17
Suppose s + 83 = 4*t, -3*s - 5 = -20. Let n(g) = -g**2 + 4. Let v be n(6). Let x = t - v. What are the prime factors of x?
2, 3
Let m(t) = -t**3 + t. Let w be m(-3). Let c be (2/6)/(8/(-1296)). Let z = w - c. List the prime factors of z.
2, 3, 13
Let f be ((-6)/(-4))/(2*6/3664). Suppose -5*l = 2*j - f, 5*j + 84 + 13 = l. List the prime factors of l.
2, 23
Suppose 0 = -5*v - 5 + 20. Suppose -w = v*w. Suppose w = -f + 7 + 33. What are the prime factors of f?
2, 5
Let x be (-12)/(-3) + (216 - 2 - 4). Suppose 4*q = -4*o + 512, 4*q + x = -5*o + 850. List the prime factors of o.
2, 31
Suppose -1372 = -4*a + 412. List the prime factors of a.
2, 223
Let u = 117 - -274. List the prime factors of u.
17, 23
What are the prime factors of -2*(1*34)/((-48)/564)?
17, 47
Let l be (15/20)/((-1)/12). Let c = l - -15. Let t = 20 + c. List the prime factors of t.
2, 13
Suppose 3 = 3*a - 15. Let z be 10/4 - a/(-4). Suppose 0 = 3*u - 3*r - 0*r - 12, z*r + 10 = 2*u. What are the prime factors of u?
3
Suppose 0*i = -i + 170. What are the prime factors of i?
2, 5, 17
Let s = 1 + -4. Suppose 0 = -12*t + 18*t + 12. What are the prime factors of s/((-3)/(-18)*t)?
3
Let v(i) = 15*i**2 + 2*i - 34. What are the prime factors of v(-10)?
2, 3, 241
Let l be 98 + (-4)/(12/9). Suppose 4*j + l = -5*n, -n - 66 + 23 = 2*j. What are the prime factors of (-258)/(-5) - (-12)/j?
3, 17
Let i(d) = -d**3 + 7*d**2 + 6*d - 4. Let o be 6 + (1 + 0)*0. Let b be i(o). Suppose -5*w + b + 2 = 0. List the prime factors of w.
2, 7
Suppose 591 = -6*d - 219. Let u = 217 + d. What are the prime factors of u?
2, 41
Let x(l) = -5*l**2 - 9 - l - 9*l + 0*l**2 + 6*l**2. List the prime factors of x(14).
47
Let t(x) = x**3 - 10*x**2 + x - 10. Let d be t(10). Suppose -2*k + f - 5*f + 18 = d, -5*k = -4*f - 59. List the prime factors of k.
11
Suppose -3*r - 35 - 291 = -5*m, -2*r - 220 = -2*m. Let c = r - -227. List the prime factors of c.
5, 23
Suppose 32*m - 11233 = 15967. What are the prime factors of m?
2, 5, 17
Let v(a) = 4*a**3 - a**2 + a. Let p be v(1). Suppose -5*c = z - 364, -c + p*z + 56 = -0*c. Suppose m = 4*m - c. List the prime factors of m.
2, 3
Suppose -5*q + 4501 = 3*o, -3*o + 9*q + 4461 = 6*q. What are the prime factors of o?
2, 373
Suppose l + 14 + 96 = 0. Let x be (-3 + 2 + 1)/2. List the prime factors of l*(x + 8/(-20)).
2, 11
Suppose 2*u - 18 = -4*h, -h + 0*h = -2*u + 3. Suppose -2*n = 4*r - 52, 0 = -3*n + r - 5*r + 72. Let f = n - h. What are the prime factors of f?
17
Let f(m) = m**3 + 7*m**2 + 9*m + 14. Let b be f(-6). Let t be (14/28)/((-1)/b). List the prime factors of 59/t - 1/2.
29
Let x = 41 - 10. Let l be (-2065)/(-25) - (-6)/15. Suppose -4*v = -l + x. What are the prime factors of v?
13
Let y = 913 - 296. List the prime factors of y.
617
List the prime factors of (-1 + -45)*(-10)/40*14.
7, 23
Let w(d) = -d**3 - 43*d**2 + 44*d + 74. What are the prime factors of w(-45)?
2, 67
List the prime factors of 3/2*498*92/69.
2, 3, 83
Let t be 2/(-5)*(-6)/((-18)/(-2505)). Suppose 6*l = 1804 - t. What are the prime factors of l?
5, 7
Let d(q) be the second derivative of -5*q**3/6 - 11*q**2/2 + 2*q. What are the prime factors of d(-8)?
29
Let l(p) = p**2 - 2*p - 1. Let v be l(-2). Let k = 11 - v. Suppose -k*x + 5*u + 2 = -23, 4*x - 23 = 3*u. List the prime factors of x.
5
Let m be (-18)/15*(-2 - 13). Let b = m - 21. What are the prime factors of 4 + (b + 3 - -47)?
3, 17
Let m(c) = -2*c**3 + 27*c**2 - 8*c - 23. List the prime factors of m(13).
2, 3, 7
Suppose -3*c + 24 = -0*m + 2*m, 4*m - 46 = -5*c. What are the prime factors of m?
3
Suppose 164 = 5*k - 4*x, -4*x + 2 = 6. What are the prime factors of k?
2
List the prime factors of 24/(-44) + 87816/66*1.
2, 5, 7, 19
Let a be ((-132)/(-21))/(2 + 24/(-14)). Let w = a - -67. What are the prime factors of w?
89
List the prime factors of (11620/(-35))/(6/(-21)).
2, 7, 83
Let q = -7 + 11. Suppose 5*b = -q*i + 3*i + 27, i + 4*b = 23. List the prime factors of i.
7
List the prime factors of 4*((-220)/30)/((-4)/33).
2, 11
List the prime factors of (2 + -5)/(2*(-12)/2024).
11, 23
Let l(h) = 5*h**2 + 11*h - 9. List the prime factors of l(-8).
223
Suppose -598 = 4*t - 4506. List the prime factors of t.
977
Suppose 3*k + 0*l = -3*l + 462, -5*k = -4*l - 752. Suppose -11*n = -9*n - k. What are the prime factors of n?
2, 19
Let f = 1420 - 272. What are the prime factors of f?
2, 7, 41
Let l(h) = 233*h + 385. What are the prime factors of l(4)?
3, 439
Suppose -36*f - 10455 = -87*f. What are the prime factors of f?
5, 41
Suppose 0 = 5*x - 15, 0 = 2*o - 5*x - 20 - 19. What are the prime factors of o?
3
Let v(y) = -4*y + 47. Let q(b) = -